i + 392. What is the remainder when m is divided by x(15)?
13
Let h(t) = -t**3 - 2*t**2 - t + 3. Let x = -163 - 119. Let q = x - -396. Calculate the remainder when q is divided by h(-4).
36
Let o(l) = -4*l + 34. Let w be o(8). What is the remainder when ((-1)/w)/(-4*(-5)/(-5160)) is divided by 33?
30
Suppose -17 = -d - 2*m, -16 = m - 5*m. Calculate the remainder when (-4)/(-8) - (-29)/2 is divided by d.
6
Let w = -6 + 14. Let y = -42 + 38. What is the remainder when (11/(-2))/(2/y)*2 is divided by w?
6
Let v(r) = 27*r**2 + 24*r - 6. What is the remainder when 173 is divided by v(1)?
38
Suppose -70 - 406 = -17*b. Let f = -6 + 22. What is the remainder when b is divided by f?
12
Let n be 2/(-9) + 40/18. Suppose -r = n*r + 5*d - 61, -3*r = -3*d - 45. Let g = 199 + -132. Calculate the remainder when g is divided by r.
16
Calculate the remainder when 29 is divided by (-1)/(-4) + (-3 - (-261)/12).
10
Suppose -22 = 2*l - 3*l. Suppose -2*g + 11 = 2*q - 157, 2*g = -q + 83. What is the remainder when q is divided by l?
19
Let j = -270 - -318. What is the remainder when 139 is divided by j?
43
Let x = -48 - -37. Calculate the remainder when 23 is divided by ((-99)/x + -1 + 0)*1.
7
Let j(t) be the third derivative of t**5/30 + t**4/6 + t**3/2 - 23*t**2. What is the remainder when j(6) is divided by 25?
24
Suppose 0 = -2*l - m + 88, -l + 2*l - m - 41 = 0. Let u = -7 - -7. Suppose u*p + 58 = 5*k - 3*p, 24 = 2*k - 2*p. What is the remainder when l is divided by k?
10
Suppose 3*k - 29 - 9 = -s, 3*k = -4*s + 188. Suppose 35 + s = 5*b. What is the remainder when b is divided by 10?
7
Suppose 504 = 7*l + 11*l. Calculate the remainder when 193 is divided by l.
25
Let l(f) = -3*f + 3. Let k(w) = 5*w**2 - 8*w + 7. What is the remainder when l(-12) is divided by k(2)?
6
Suppose -44 = -18*r + 7*r. What is the remainder when 5 is divided by r?
1
Suppose 2*w + 3 = 3*w. Suppose -3*x - w*p = -189, 0*p + 126 = 2*x + 5*p. Calculate the remainder when 25 is divided by x/(-6)*(-2)/3.
4
Let g = 967 + -609. What is the remainder when g is divided by 19?
16
Suppose -3*h - 6 + 21 = 0. Calculate the remainder when 11 is divided by h.
1
Let g(h) = h**3 - 11*h**2 - 5*h + 4. Let z be g(5). Let p = z - -248. What is the remainder when p is divided by 20?
17
Let n = 97 - 86. What is the remainder when 54 is divided by n?
10
Let y(c) = -37*c - 476. Calculate the remainder when 64 is divided by y(-13).
4
Let i be (-14)/(-14)*(-2 + 3). Let x(c) = 16*c**3 + c**2 - 2*c + 1. What is the remainder when x(i) is divided by 9?
7
Let d = 166 + -101. Let a be (-8)/(-10) - (-78)/d. Calculate the remainder when 19 is divided by (-5)/((7/a)/(-7)).
9
What is the remainder when 274 is divided by 7 - (-6 + (1 - -1) - 63)?
52
Let q = -15 - -18. Calculate the remainder when ((-1)/q)/((-7)/336) is divided by 9.
7
Suppose -w + b = -2 - 3, 0 = 3*w - 4*b - 14. Let l(j) = -j**3 + 7*j**2 - 4*j + 2. Let d be l(w). Let c = d - 2. What is the remainder when 34 is divided by c?
10
Suppose -4*o = 3*j + 2, 1 + 3 = o. Let p = 18 - j. Suppose 0 = -u + 15 - 2. Calculate the remainder when p is divided by u.
11
Let b be ((-91)/39)/(1/108). Calculate the remainder when ((-20)/6)/(-2*(-4)/b) is divided by 12.
9
Let q = -56 - -51. Calculate the remainder when (-4 - 1)/(q/65) is divided by 17.
14
Suppose 1260 = -124*o + 131*o. Calculate the remainder when o is divided by 23.
19
Suppose 0 = 3*i + 5*d - 4, -3*i + 3*d = 4*d - 20. Suppose i = m - 1. Calculate the remainder when 21 is divided by m.
3
Suppose -x + 8*x + 2*x = 0. Suppose -l + 7 = -x*l. What is the remainder when 20 + 2/(-2*1) is divided by l?
5
Suppose -5*t + 3*f = -103, -49 = -2*t - t + 5*f. Suppose -13*a + 27 + 207 = 0. What is the remainder when -2 + (-3)/(-2) - (-1233)/a is divided by t?
22
Let w(z) = z**3 - z. Let b(m) = -3*m**3 - 4*m**2 + 3*m + 5. Let s(g) = b(g) + 4*w(g). Let r = 179 - 175. What is the remainder when s(r) is divided by 1?
0
Suppose -2*v = x - 81, 2*v + 5*x - 139 = -v. Let o(l) = -l**2 + 0 - 44*l + 50*l + 1. What is the remainder when v is divided by o(3)?
8
Calculate the remainder when 43/((-430)/(-60))*458/12 is divided by 4.
1
Suppose -3*o + 32 = o. Suppose 0 = -4*k - 12, 0*w - 4*k - 18 = 2*w. Let p = 20 - w. Calculate the remainder when p is divided by o.
7
Suppose 5*b + 20 + 40 = 0. Let r = b + 27. Let h = 240 + -236. What is the remainder when r is divided by h?
3
Suppose 8671 = 25*v - 2*v. Calculate the remainder when v is divided by 55.
47
Suppose 4*w = -5*w + 54. Calculate the remainder when 368/w*9*(-1)/(-6) is divided by 19.
16
Suppose 4*s + 100 = -s. Let m = s - -52. Let x = 80 + -69. What is the remainder when m is divided by x?
10
Let q = -422 + 491. Calculate the remainder when q is divided by 21.
6
What is the remainder when 61/(-5 + (-36)/(-6)) is divided by 17?
10
Let h(j) = 4*j**3 - 5*j**2 + 3*j - 1. Let o(r) = 4*r**2 - 5 + 3 + 6*r - 3*r. Calculate the remainder when o(-4) is divided by h(2).
16
Let d(o) = -2*o + 18. Let f be d(-10). Suppose 2 = 10*b - f. Calculate the remainder when 12 is divided by b.
0
Let y(p) = -38*p - 16. Let v be y(-2). Let c = 75 - v. What is the remainder when 43 is divided by c?
13
Let j(c) = -2 + c + 20 + 1 + 5. Calculate the remainder when j(18) is divided by 22.
20
Let i = -10 + 7. Calculate the remainder when 81 is divided by i/15 + (-636)/(-30).
18
Suppose 0 = 4*d + 4*w - 52, -w + 6 = 2*d - 4*w. Calculate the remainder when 47 is divided by d.
2
Let r be (-39)/(-26) - (-1)/(-2). Let y be 3/(-9) - r/(-3). Let b = 7 - y. Calculate the remainder when b is divided by 3.
1
Suppose 4*o + 15 = -5*q + 91, 0 = -3*o + 5*q + 92. Calculate the remainder when o is divided by 10.
4
Let r = -260 - -276. What is the remainder when 525 is divided by r?
13
Let j = -6 - -44. Calculate the remainder when 130 is divided by j.
16
Let k = -107 + 187. Calculate the remainder when k is divided by 14.
10
Let o be (-177)/(-4) + (-2)/8. Suppose 7*g + o = 11*g. Suppose 4 + 0 = b. Calculate the remainder when g is divided by b.
3
Suppose -w + 65 - 15 = -3*s, -4*s = -4*w + 56. Suppose 2*q - 12 = -3*d, -d - 80 = -5*q + 4*d. What is the remainder when 60 is divided by (-44)/3*s/q?
16
Suppose 36 = -1056*x + 1059*x. Calculate the remainder when 138 is divided by x.
6
Let q = 551 - 411. What is the remainder when q is divided by 36?
32
Let f(n) = n**2 + 5*n + 2. Suppose -3 = 3*s + c + 12, -3*s - 27 = -3*c. What is the remainder when 23 is divided by f(s)?
7
Let v = -1656 - -1689. Let o = 64 - 0. Calculate the remainder when o is divided by v.
31
Suppose -4*n + 0*t + 460 = 4*t, -2*n - 4*t + 224 = 0. What is the remainder when n is divided by 12?
10
Suppose 0 + 2 = z. Let g(c) = -4*c**z + 2*c + 0*c + 13*c**2. Calculate the remainder when 26 is divided by g(-1).
5
Suppose -2*k + 4 = -5*u + 32, -5*u = 5*k. Suppose 42 = 5*y + u*v, y + 4*v = 7 + 11. What is the remainder when 16 is divided by (3/y)/((-1)/(-18))?
7
Let y = -6 + 11. Suppose 9*o + 4*a - 20 = 4*o, y*o - 20 = -3*a. Calculate the remainder when -2 - 102/o*-2 is divided by 26.
23
Let s be (0/2)/((-18)/(-6)). Suppose s = -7*h + 10*h - 141. Suppose -5*u + 26 = p, 5*u = p - 2 - 4. Calculate the remainder when h is divided by p.
15
Suppose -3*t = -40*t + 6068. What is the remainder when t is divided by 42?
38
Let h(n) = -n**3 - 2*n**2 + 4*n + 6. Let q = 20 - 17. Suppose 3*f - q = -5*u - 12, u = -3*f - 9. Calculate the remainder when 4 is divided by h(f).
1
What is the remainder when 410 is divided by (10 - 8)/((-2)/(-59))?
56
What is the remainder when 676 is divided by (-2 - -2 - 8) + 11?
1
Let t(i) = -i**3 + 5*i**2 - 4*i + 3. Let x be t(4). Suppose 1 + 38 = x*q. What is the remainder when 22 is divided by q?
9
Suppose 2*n - 92 = -0*n. Let q = 50 - n. What is the remainder when 11 is divided by q?
3
Let b(f) = -10*f - 6. Let i(v) = v**3 + 7*v**2 - 9*v - 3. Suppose 2*r = 4*n + 26, -4*n + 6*r = 3*r + 23. What is the remainder when b(-2) is divided by i(n)?
4
Suppose 6*b - 4*g + 60 = 2*b, 0 = -4*b - 4*g - 20. Let k = b - -12. Suppose -7 = -k*p + 9. Calculate the remainder when 37 is divided by p.
5
Let y(z) = 88*z + 2. Let d be y(-2). Let k = d - -10. Let u = -106 - k. Calculate the remainder when u is divided by 20.
18
Let i(h) = -3*h**2 - 54*h - 3. Calculate the remainder